21 + 0 + (-238 - -195) - -97.
75
What is the value of (-39 - (-99 - (33 - 10))) + 19?
102
23 - ((9 - 7) + -54 + 44)
31
(-11 - -16) + (10 + -7 - 9) + (-2 - -27)
24
Calculate -3 - 2 - (-21 + (9 - -1) + 16) - 18.
-28
What is 20 + -2 - (64 + -26) - 8?
-28
Calculate 92 + (-2 - 2 - (2 + -9)) + 11.
106
53 + -2 - (-108 + 165)
-6
What is the value of -34 + -25 + 7 + 68?
16
What is the value of (-6 - -2) + 1 + 15 - (-9 - 3 - -11)?
13
What is (-3 - 1) + 54 + 17 + -20 + 8?
55
What is the value of 0 - (-79 + 3 + 1) - (1069 + -1064)?
70
(10 - 7) + (80 - 100)
-17
Evaluate 51 + (9 - (14 + -10 + (-19 - -23))).
52
What is the value of 7 + (9 + -20 - -23 - 17)?
2
1 + 9 + -50 - -1 - 0
-39
92 - -53 - 203 - -51
-7
What is (55 - 64 - (-12 + 3 + 9)) + -46?
-55
-20 + (-29 - (-5 + -64))
20
What is -2 + (4 - -32) + 50 + -97?
-13
Evaluate 76 + (12 + 19 - 29) - 25.
53
8 + 12 + 3 + 24
47
What is (-1 - -6) + 48 + (4 - -7 - -4) + -21?
47
Evaluate -96 + 29 + 70 + 86.
89
What is the value of 20 + (33 - (26 + -14)) - 10?
31
What is (41 + 0 - 30) + -25 + -5?
-19
(2 - 0) + ((-23 - -22) + -9 + -87 - -7)
-88
Evaluate ((-2 - -5) + (13 - 12) - -48) + -9.
43
Calculate (28 + -35 + (13 - -1) - 3 - -4) + -66.
-58
(-54 - (20 - 7)) + -20
-87
What is the value of -22 + -12 + -21 + 8 + 18?
-29
What is the value of -28 + -84 + 50 - (1 + -5 + 7 + 11)?
-76
Calculate -11 + -46 + 83 + -35.
-9
Evaluate -19 - ((-37 - -11) + 16 - -17).
-26
What is (-46 - -10) + (-67 - -61 - (-3 - 22))?
-17
Evaluate -57 - (25 - 1) - -102.
21
What is -62 - ((8 - (17 + 10 + -20)) + -2 + 0)?
-61
What is the value of 16 + -74 + 34 + -25?
-49
Evaluate -5 - -3 - (-2 + -4 + -6) - (11 + -72).
71
What is -9 + -6 + 60 - (-6 + 13 + -17)?
55
-4 - (-4 + (-7 - (-6 - -19 - 1)) + 11)
8
Calculate 13 + (2 - 16 - 0 - (-505 + 566)).
-62
(50 - 59 - 20) + -82
-111
-2 + (-7 - (-17 - 5)) + -54
-41
Calculate -7 - (5 - 9) - (-101 - 3) - 10.
91
What is the value of (9 - 33) + (-4 - 4) + -9?
-41
What is the value of 14 - (-2 + (12 - 0) + -6)?
10
3 - (-10 - (19 + (-55 - -27)))
4
What is (36 - (83 - 24)) + (47 - 21)?
3
-122 + (1 + 5 - (-146 + 128))
-98
What is (9 - 1) + (-34 - (-7 + (16 - 7) + -19))?
-9
Evaluate -14 + (61 - 1) + (-21 - (89 - 110)).
46
(10 - 21) + 26 + (3 - 68)
-50
What is -1 - (103 - 96 - (25 + -1)) - 64?
-48
What is (113 - (65 + 29)) + (-14 - -2)?
7
Calculate (19 - (80 + 4) - (3 - 23)) + -1 + 5.
-41
0 + 40 + -14 + -1 + 891 + -873 - -5
48
Evaluate (-5 - -12) + -6 + (1 - 1 - (137 + -108)).
-28
(3 - 13) + (114 - 95 - 93)
-84
Calculate 40 - (16 - ((24 - 9) + 1)).
40
What is the value of (-588 - -547) + 104 + -3?
60
Calculate -1 + -2 + -11 + 84 + (8 - 50 - -35).
63
Calculate (20 - (16 - 13)) + 27 - -7.
51
What is the value of (12 - 3 - -7) + -20 + 45 + -38?
3
What is 5 + 4 + (24 - (-3 + -6)) - -9?
51
What is 508 - 504 - (3 + 0 + -36)?
37
Calculate 5 + -25 - (44 - 1).
-63
Evaluate 6 + 1 + (33 + -45 - -9) + 35.
39
Evaluate -4 - (5 - (7 + (3 - 9))) - 22.
-30
What is 575 + -478 + (0 - 68)?
29
Evaluate -12 + (5 + -7 - (-60 - -50)).
-4
What is the value of 4 - ((-6 - (15 - 10)) + 56 + -41)?
0
Evaluate -5001 + 4851 + 121 + 1.
-28
What is 4 - 2 - -93 - (76 + -20 - (73 + -14))?
98
What is (-21 - 2) + -107 + 86 + -6?
-50
What is (2 - (-5 - -52)) + -4 + -7?
-56
Calculate 14 - (-44 + 75 + 5 + -37 + 16).
-1
Calculate -37 + (33 - 58) - -28.
-34
Evaluate -9 + (-8 + -2 + 20 - 3) + -54 + 6.
-50
57 + 54 + 20 + -112
19
Evaluate (-14 - (-3 - -2)) + -95 + (12 + -30 - -47).
-79
-14 + 56 - (99 + -48)
-9
What is -28 + (29 - -24) - 22?
3
Calculate (-21 - -9 - 11) + -16 + -27.
-66
What is (-28 - (-1 + -14) - -5) + (-17 + 10 - -118)?
103
Calculate 5 - (1 + -2) - (-15 + 52 + -15).
-16
What is -5 - (-17 + -34 - -28)?
18
Evaluate 54 - (-216 + 211 - (8 - 0) - -15).
52
Evaluate 203 + -98 - (-14 - -23 - -20).
76
Evaluate (9 + 37 - -44) + -37.
53
What is the value of -99 - (-4 + -57 - 68)?
30
What is -463 + 482 - (-2 + 3 + -3)?
21
Evaluate 2 + 8 - (18 + -36 + -5 + (-1 - -2)).
32
Evaluate 0 + -9 - 9 - (-47 + 51).
-22
What is the value of (77 - 119) + -3 - 2?
-47
What is 1902 + -1865 - (-1 - -58)?
-20
Evaluate (29 + -70 - (26 - 50)) + (121 - 0).
104
5 - -1 - (488 - 482) - 34
-34
Calculate (-57 - -46) + (25 - 2) - (-1 + -13).
26
Calculate -150 + 172 + -39 - (18 - 0).
-35
What is -1 - -7 - ((100 - 40) + -46)?
-8
What is -21 + 52 + -72 + -18?
-59
What is 41 - (-30 + 2 - (-25 - (-5 - 6)))?
55
Calculate 20 - 30 - (0 - (9 + -15 + 54)).
38
What is the value of 577 + -588 + 5 + 0 + 1 + 19?
14
33 + -5 + -21 + 32
39
Calculate 51 + -104 + 57 - (-1 - -13).
-8
Calculate (0 - 0) + -9 + (-45 - -1) + 9.
-44
Calculate 2 - (6 - (3 + 1)) - ((16 - -6) + -17).
-5
Calculate -13 - (-151 + 66) - 49.
23
Evaluate -24 - -48 - 20 - 45 - -16.
-25
What is the value of 7 + -2 - (-31 + (19 - (8 - 22)))?
3
What is (127 - 67) + -138 + (-5 - (-2 + (2 - 2)))?
-81
Evaluate (-13 + 38 + -26 - (-1 + -35)) + 6 + -6.
35
What is -6 - (14 - (-50 - (-12 + (14 - 20) + 11)))?
-63
What is the value of (-87 - (-186 - -64)) + 7?
42
Evaluate -12 + -13 - (21 + -27 + -5).
-14
Calculate (-120 - (-9 - 144)) + (-79 - 0).
-46
2 + (-25 - -16) - (14 - (-5 + 9))
-17
What is the value of 55 + 1 + -118 - -45?
-17
Calculate 39 + -41 + 2 - -4.
4
Calculate -3 + (-3 - 67) - (4 + (0 - -17)).
-94
Calculate -7911 + 7921 + (-1 + 2 - 62).
-51
-9 + 12 - ((8 - (23 - 4)) + 4)
10
Calculate -8 + 16 - (47 - (4 + -2 + -7 - 0)).
-44
Evaluate 9 + 15 + (14 - 5) + -57 + -100.
-124
What is 2 + 55 - 69 - 5?
-17
What is -9 + -227 + 122 + 15?
-99
Calculate (-5 - -19) + 17 - (-3 + 6).
28
What is the value of -139 + 0 + 7033 + -6845?
49
Evaluate -44 + -1 - (-323 + 269).
9
What is (99 - -1) + (-226 - -42)?
-84
Calculate (9 + 0 - (-9 + 4) - (4 - -128)) + 9.
-109
What is -4 + 71 + (-2871 - -2827)?
23
(-526 - -536) + 0 + 9 + -26 + 3
-4
Calculate -68 - (14 - (-78 + 123)).
-37
Calculate -4 + 5 - (4 - 3 - (5 - 4)).
1
-10 + 4 + -9 + (-41 - (-22 + 14))
-48
(2 - (-12 - 66)) + 35 - 32
83
-5 + 7 + (12 - -6) + -22
-2
Evaluate -333 + 372 - (0 + -2 + -11).
52
What is the value of (83 - 40) + -70 + -4 + 55?
24
What is 37 - (-39 + 74) - 16 - (-4 + -14)?
4
What is the value of -28 + (8 + -29 - (-4 + -11))?
-34
What is the value of -20 + 32 - (18 - (4 - 5)) - 38?
-45
What is 19 - (-33 + 11 + -9)?
50
Calculate (19 - (9 + -112) - (-4 - 2)) + 15.
143
What is 11 - (8 - (1 + 8 + -168 + 160))?
4
Calculate -77 - (0 + 23 + -171 + 136).
-65
What is (-7 + -12 - -32 - -10) + -55?
-32
What is 37 - (46 + -87 + 24 + -21)?
75
What is the value of (-23 - (-105 + 75)) + 0 + 0 + -2 + -34?
-29
What is 233 + -327 + 7 + 24 - 29?
-92
Evaluate (-6 - (4 + 3 - (-3 - -15) - 8)) + -11.
-4
-82 + -68 + 243 - 183
-90
Calculate 28 - -1 - (1119 - 1054).
-36
Calculate (-84 + 170 - 85) + (-72 - -4) + -3 + -1.
-71
What is the value of -53 - 6 - (-16 - (-9 - (-6 + 25 + -18)))?
-53
Calculate (-20 + -20 + 56 - -34) + (-1 - 7).
42
13 + 5 - -4 - (139 - 103)
-14
Calculate 57 - 0 - (-418 + 455).
20
(48 - 49) + -2 - (10 + -20)
7
What is 0 - 5 - (17 - (-25 + 58)) - (-51 + -1)?
63
What is the value of (-140 - (-131 - -76)) + 26?
-59
What is (123 - 117 - 1) + (-21 - (2 - 4))?
-14
Calculate (-3 + 17 + 2 + 0 - 9 - -26) + 0.
33
Calculate (298 - 315) + -6 + -2 + 104.
79
What is 2624 + -2736 - ((0 - 0) + -4 - -6)?
-114
Calculate (8 - 47) + -8 + 78.
31
-3 - (-51 - 3) - (-25 - (84 + -132))
28
Evaluate -18 + (12 - ((-14 - -9) + 11)).
-12
Evaluate 0 + 27 + ((19 - 23) + (-3 - -6) - 2).
24
Evaluate -87 - (-2 + -14 + (9 - -2) + -16 + 9).
-75
What is the value of -35 + -12 + 6 + 133 + -79?
13
What is -51 - (6 - 19 - (0 + (-11 - (-5 - 1))))?
-43
What is -16 + (33 + -15 - 29) - 4?
-31
Calculate -3 - (-7 + 10) - 9 - (-21 + 20 + -94).
80
What is (12 - 12) + (31 - 22) - -1?
10
Evaluate 1232 + -1259 + (-7 - (-93 + -2)).
61
Evaluate (259 + -253 - (0 - 12)) + 46 + (3 - 14).
53
-2 + -47 - (0 + -13 + (21 - 7)) - 5
-55
What is the value of 15 + 108 + -10 - (14 - (3 - -4))?
106
Calculate -25 - (7 + (-6 - 33 - 6)).
13
Calculate -109 - (4 - 33) - -114.
34
(-30 - (22 + 34 + -55)) + 22
-9
What is 8 + -42 + (5 - 10 - -13)?
-26
-32 + -3 + 20 + 19 - -94
98
What is (66 - (130 + 84)) + 74?
-74
-1740 - -1793 - (51 + 1)
1
Evaluate 0 + -3 + 11 - (-12 + -7 - -7 - -66).
-46
What is 17 + (-67 - -44) + 57?
51
Evaluate -44 - -133 - 14 - 40.
35
What is the